13. Let o(d) = -2*l(d) + 3*v(d). Is o(7) a prime number?
False
Suppose 3*r + 156550 = 5*g, -85*g + 4*r + 93941 = -82*g. Is g a prime number?
True
Suppose -67*w = -84*w + 52853. Is w a prime number?
True
Let h = -519 + 522. Suppose -r + 5*w = h*w - 33247, -5*r + 166280 = -w. Is r a prime number?
False
Suppose -5*b + 3*k = -210, -16*b + 18*b + 5*k - 115 = 0. Suppose -b*w + 17337 = -42*w. Is w prime?
True
Let o be 3*(-7)/42*(-978220)/5. Let n = o - 65321. Is n a composite number?
True
Let x(p) = -63 - 43*p + 70 - 7*p - 18*p. Let g(r) = r. Let s(w) = -6*g(w) + x(w). Is s(-9) composite?
False
Let r(n) = -n + 2. Let b be r(0). Let d(c) = 82*c + 446. Let u be d(-2). Suppose -5*g = 2*m - u, 0 = -b*m + 4*g + 88 + 158. Is m a prime number?
True
Let t = -226814 - -384117. Is t a composite number?
False
Let h = -4327 + 6222. Suppose -5*n - 7202 = -2*j, 4*n + 6874 = 5*j - 11148. Let i = j + h. Is i prime?
True
Let b(q) = 2463*q**3 - 19*q + 31. Is b(2) composite?
False
Let m = -14 + 14. Suppose m = -2*r + 4*q + 4, -2*q = -3*r + q + 12. Suppose -r*s + 2566 = -4*s. Is s a composite number?
False
Suppose 6315 = 3*y - 2*h, 0 = 2*y + 2*h - 5497 + 1287. Let p be (-1044 + (4 - 3))*(-2 - -1). Suppose -4*n + y + p = 0. Is n prime?
True
Let y = 161 + -512. Let z = -80 - y. Let m = z - 158. Is m a composite number?
False
Let f = -7908 + 10687. Is f composite?
True
Suppose -36841334 = -81*h - 129*h + 52*h. Is h a composite number?
False
Suppose 0 = -2*l + 4*y - 2554, 5095 = -4*l - 10*y + 5*y. Let f = 693 - -1699. Let g = l + f. Is g composite?
False
Suppose -6 = 2*a - 5*q, 9 = 5*a + q - 3. Suppose -6 + a = 2*d. Is 4*d/40 + 716/5 prime?
False
Suppose 10 = 2*w - 2*o, 3*o - 9 = -3*w - 0. Suppose -2561 = w*j + 3*r - 7330, r + 1 = 0. Is j a composite number?
False
Let z be (-5392)/20 + (1 - 14/10). Let d = 58 + z. Is (1/2)/((-2)/d) a prime number?
True
Let k = 292 - -1446. Let b = 3395 - k. Is b composite?
False
Suppose 15 = -0*g - 3*g. Let v be (g - -5)/1 + 4 + 0. Suppose 0 = 2*a + v*a - 10542. Is a a composite number?
True
Let o = -159593 + 433864. Is o a prime number?
True
Is (11 - 10)*-4 - (2 + -1)*-505551 prime?
False
Suppose y - 2*y + 2*y = 0. Let n(f) = f**2 + 3*f + 17. Let w be n(y). Suppose 12*m - w*m = -1115. Is m a composite number?
False
Suppose i - 17 = -4*w, -3*i + 5 - 22 = -5*w. Is (-1 + 345/(-10))*-6*i a composite number?
True
Let c(y) = 74*y**2 - 23*y - 125. Let n be c(-7). Is n - ((-5 - -9)/(-2) - -5) a prime number?
True
Is (-3)/27 + (-56262656)/(-1152) a composite number?
True
Is (-60459)/(-9)*21 + 4 - (-24)/12 composite?
True
Let t(y) = 3*y + 5*y - 2*y - y - 5 + 14*y**2 + 7*y**3 - 2*y**3. Is t(11) a prime number?
False
Let r = 65516 - -116163. Is r prime?
False
Let r(p) = -26*p**3 + 2*p**2 - 15*p - 88. Let b(l) = -l**2 - 6*l - 17. Let d be b(-4). Is r(d) a prime number?
True
Suppose 13 = -3*h + 5*c, 5*h = -0*h - 3*c + 1. Is (h - -3)*(-15189)/(-6)*1 composite?
True
Let y(b) = b**3 + 2*b**2 - 18*b + 119. Let m be y(-7). Let l = -13 - -23. Suppose m = -l*d + d + 1746. Is d a prime number?
False
Suppose 9*l + 12*l - 172683 = 0. Is l a prime number?
False
Let h = -1230 - -1467. Is h a composite number?
True
Suppose -252*m + 247*m = 20, 0 = -2*s + m + 2630. Let g be (-4)/6 - (-34)/6. Suppose 3*h + 4*d = 3223, -g*d - 4500 + s = -3*h. Is h a prime number?
True
Let u = 2132 - 1186. Let m = u + -617. Is m prime?
False
Let y be (2*1)/(4*(-2)/(-4)). Let g be -2 - (13 - 0)/(0 - y). Suppose -g*m - 1225 = -5834. Is m a prime number?
True
Suppose 4*s - 23 = -3. Let a(o) = -6 - 9 - 52*o + s. Is a(-3) a composite number?
True
Let r be (-6)/(-33) - (-15279636)/132. Suppose 42*u = 27*u + r. Is u composite?
False
Let s(g) = 940*g - 97. Is s(9) a prime number?
True
Let k = -110107 + 228146. Is k prime?
False
Let b(x) be the second derivative of 797*x**5/10 + x**3/3 - x**2 - 111*x. Let p = 2 + -1. Is b(p) a prime number?
False
Let j be 9491*((-20)/16 - (-4)/16). Let c = -100 - j. Is c a prime number?
True
Let l(o) = -o**2 + 3*o - 361. Let f(a) = a**2 - 2*a + 351. Let t(b) = 3*f(b) + 2*l(b). Let d = -1 + 1. Is t(d) composite?
False
Let f(x) = -34*x - 33. Let g be f(11). Let l = 816 + g. Is (l/3)/((-5)/(-15)) a composite number?
False
Let l be (1 - -2) + (-9)/(27/(-204)). Let q = l - 71. Suppose 4*a + 3*z - 4268 = -q*z, 0 = -2*a + z + 2134. Is a composite?
True
Suppose -90 + 42 = -16*p. Suppose p*z - 56099 = -a, -z + 4*a = a - 18713. Is z a composite number?
False
Let v = -6308 - -21735. Is v composite?
False
Let v be ((-126)/147)/(1/(-14)). Is 35132/20 - v/(-30) composite?
True
Let a be (138/184)/(1/4). Suppose 2*p - 5550 = -7*c + a*c, -p + 2769 = 5*c. Is p composite?
True
Let b be (-931)/(-63) - 4/(-18). Suppose 21*q - 16*q - b = 0. Is (2118/8)/(q/8) a composite number?
True
Let f be 2/6 - 5*(-10)/(-150). Suppose -16*w + 49168 + 156096 = f. Is w composite?
False
Suppose 0*b - 11 = -4*b + 3*k, -3*b - 5*k - 28 = 0. Is (b*(-1)/4)/(20/181360) prime?
True
Suppose -25*x = 83282 - 487857. Is x a prime number?
True
Let x(y) = -212*y - 96. Let v be x(-7). Let t = 2749 - v. Is t composite?
False
Suppose -y = 4*b + 46, b + 15 = -21*y + 19*y. Is ((-9122)/(-1))/(b + 158/14) prime?
False
Is (402/12 - 26)*192194/5 a composite number?
True
Let p(f) = -f**3 + 17*f**2 - 42*f + 6. Let w be p(14). Suppose 0 = -w*z + 6095 + 3847. Is z prime?
True
Let w = 9185 + 13752. Is w composite?
False
Let f = 11 + 1. Suppose f = -b + 16. Is 140 + b + (0 + 2 - 4) composite?
True
Let a = 4586 - 2330. Let k = -5329 + 3818. Let d = a + k. Is d a prime number?
False
Let f be 4 - (-133 + 5 + 0). Let g = f - 137. Let k(p) = -36*p - 25. Is k(g) a composite number?
True
Let l(v) = v**3 - 144*v**2 - 45*v - 1082. Is l(145) a prime number?
False
Let m(r) = 134*r**3 + 113*r - 17. Is m(12) composite?
False
Suppose 8 + 4 = -6*r. Is (87 - -4) + 1*r a prime number?
True
Suppose 5*x + 2*v = 4681, -6*x + 3746 = -2*x + v. Suppose 16731 = 28*p - x. Is p prime?
True
Let s(f) = 89508*f - 6587. Is s(12) a prime number?
True
Let k be (-1)/(-3) - (-3 + 2/(-3)). Suppose -k*a + 904 = -820. Is a prime?
True
Let z = -272 - -285. Let a(g) = 9*g**2 - 3*g - 13. Let u(f) = 26*f**2 - 9*f - 38. Let s(k) = -11*a(k) + 4*u(k). Is s(z) a composite number?
False
Suppose 0 = 2*p - 2, 5*b + 7 = 7*b - p. Suppose -4 = 3*d + 5, b*v - 4*d - 57040 = 0. Is v composite?
True
Let c be (-252594)/(-75) + 16/200. Let x = c + -1147. Is x a prime number?
True
Is (-1)/(-4) - (-18875790)/360 composite?
False
Is -40091*4*(-2)/8 + 10 a prime number?
False
Let l(x) = -65*x + 80 + 71 - 31*x - 170. Suppose 0 = -2*a - a - 30. Is l(a) composite?
False
Let p(z) be the third derivative of 31*z**6/60 + z**5/30 - 5*z**4/24 + 13*z**3/6 + 32*z**2. Let w be p(3). Let x = 3311 - w. Is x a composite number?
False
Suppose -3*o - 43 = -169. Suppose 0 = -g - 3, 4*g + 6 = 4*n + o. Is 3/n*2 + 2373/6 a prime number?
False
Let k = -10061 + 77740. Is k prime?
True
Let r(f) = -6 + 53 - 5006*f + 4069*f - 2. Is r(-8) prime?
True
Let k = 53 + -101. Suppose -14*m + 78*m = 9856. Let c = m + k. Is c a composite number?
True
Let s(h) = -2*h - 7. Let w be (2 - (6 - 2)) + -2. Let u be s(w). Is (6/12)/(u/706) prime?
True
Let d be (207/276)/((-1)/(-4)*1). Is (4/d)/(132/1597761) prime?
True
Suppose -25*d + 10 = -23*d. Let h(s) = 4*s - 15 + 7*s - d*s. Is h(5) a prime number?
False
Suppose 3*z = -3*h - 0*z + 2819253, 4*h = 5*z + 3759004. Is h a prime number?
False
Suppose 3*n + 30*f - 97236 = 33*f, 5*n + 2*f - 162053 = 0. Is n a composite number?
False
Suppose -23*v + 21*v = 3356. Let u = v - -7875. Is u prime?
True
Let k(m) = -34*m**3 - 10*m**2 - 5*m - 2. Suppose 3*v = -v - 68. Let w(f) = 101*f**3 + 29*f**2 + 15*f + 6. Let p(d) = v*k(d) - 6*w(d). Is p(-3) a prime number?
True
Suppose 0 = -2*c + 4*y + y, 3*c = -4*y - 23. Is (-11)/(77/(-44912)) - c prime?
True
Let g(u) = 22*u**3 + 21*u**2 + 16*u - 266. Is g(9) prime?
False
Suppose -733*k = -773*k + 17806840. Is k a composite number?
True
Let f(d) be the second derivative of d**4/6 + d**3/6 + 43*d**2/2 + 6*d + 23. Suppose 3*y - 22 = 4*n, y + 2*n - 9 = 3*n. Is f(y) composite?
False
Let c(o) = o**3 - o**2 - 11*o + 6. Suppose -4*z = d - 0*z + 5, -4*z - 12 = 0. Is c(d) prime?
True
Let f = 419736 + -262291. Is f a composite number?
True
Let i be (-9*(-40)